{"id":892,"date":"2024-11-19T22:27:04","date_gmt":"2024-11-19T21:27:04","guid":{"rendered":"https:\/\/gabyenrose.com\/?page_id=892"},"modified":"2025-04-11T21:33:47","modified_gmt":"2025-04-11T19:33:47","slug":"mes-autres-illustrations","status":"publish","type":"page","link":"https:\/\/gabyenrose.com\/index.php\/mes-autres-illustrations\/","title":{"rendered":"Mes autres illustrations"},"content":{"rendered":"\n<div style=\"height:97px\" aria-hidden=\"true\" class=\"wp-block-spacer\"><\/div>\n\n\n\n<h2 class=\"wp-block-heading has-text-align-center has-ast-global-color-5-color has-text-color has-link-color has-x-large-font-size wp-elements-cd38fae2e7928e722711a775838530fb\">Mes autres illustrations<\/h2>\n\n\n\n<p class=\"has-text-align-center has-ast-global-color-5-color has-text-color has-link-color wp-elements-80e9329b9ad9a2f4c758c3491858bde2\">Panel de mes illustrations inspir\u00e9es de la beaut\u00e9, la mode, le bien-\u00eatre ou encore le lifestyle<br><em>Mix de traditionnel et digital<\/em><\/p>\n\n\n\n<figure class=\"wp-block-image aligncenter size-large\"><img loading=\"lazy\" decoding=\"async\" width=\"819\" height=\"1024\" src=\"http:\/\/gabyenrose.com\/wp-content\/uploads\/2025\/04\/SEZANE_2-819x1024.jpg\" alt=\"\" class=\"wp-image-1055\" srcset=\"https:\/\/gabyenrose.com\/wp-content\/uploads\/2025\/04\/SEZANE_2-819x1024.jpg 819w, https:\/\/gabyenrose.com\/wp-content\/uploads\/2025\/04\/SEZANE_2-240x300.jpg 240w, https:\/\/gabyenrose.com\/wp-content\/uploads\/2025\/04\/SEZANE_2-768x960.jpg 768w, https:\/\/gabyenrose.com\/wp-content\/uploads\/2025\/04\/SEZANE_2.jpg 1080w\" sizes=\"auto, (max-width: 819px) 100vw, 819px\" \/><\/figure>\n\n\n\n<div class=\"wp-block-columns is-layout-flex wp-container-core-columns-is-layout-28f84493 wp-block-columns-is-layout-flex\">\n<div class=\"wp-block-column is-layout-flow wp-block-column-is-layout-flow\">\n<figure class=\"wp-block-image size-large\"><img loading=\"lazy\" decoding=\"async\" width=\"819\" height=\"1024\" src=\"http:\/\/gabyenrose.com\/wp-content\/uploads\/2025\/04\/SPRING-MOOD-819x1024.jpg\" alt=\"\" class=\"wp-image-1054\" srcset=\"https:\/\/gabyenrose.com\/wp-content\/uploads\/2025\/04\/SPRING-MOOD-819x1024.jpg 819w, https:\/\/gabyenrose.com\/wp-content\/uploads\/2025\/04\/SPRING-MOOD-240x300.jpg 240w, https:\/\/gabyenrose.com\/wp-content\/uploads\/2025\/04\/SPRING-MOOD-768x960.jpg 768w, https:\/\/gabyenrose.com\/wp-content\/uploads\/2025\/04\/SPRING-MOOD.jpg 1080w\" sizes=\"auto, (max-width: 819px) 100vw, 819px\" \/><\/figure>\n<\/div>\n\n\n\n<div class=\"wp-block-column is-layout-flow wp-block-column-is-layout-flow\">\n<figure class=\"wp-block-image size-large\"><img loading=\"lazy\" decoding=\"async\" width=\"819\" height=\"1024\" src=\"http:\/\/gabyenrose.com\/wp-content\/uploads\/2025\/04\/CHEERS-819x1024.jpg\" alt=\"\" class=\"wp-image-1048\" srcset=\"https:\/\/gabyenrose.com\/wp-content\/uploads\/2025\/04\/CHEERS-819x1024.jpg 819w, https:\/\/gabyenrose.com\/wp-content\/uploads\/2025\/04\/CHEERS-240x300.jpg 240w, https:\/\/gabyenrose.com\/wp-content\/uploads\/2025\/04\/CHEERS-768x960.jpg 768w, https:\/\/gabyenrose.com\/wp-content\/uploads\/2025\/04\/CHEERS.jpg 1080w\" sizes=\"auto, (max-width: 819px) 100vw, 819px\" \/><\/figure>\n<\/div>\n<\/div>\n\n\n\n<div class=\"wp-block-columns is-layout-flex wp-container-core-columns-is-layout-28f84493 wp-block-columns-is-layout-flex\">\n<div class=\"wp-block-column is-layout-flow wp-block-column-is-layout-flow\">\n<figure class=\"wp-block-image aligncenter size-large is-resized\"><img loading=\"lazy\" decoding=\"async\" width=\"819\" height=\"1024\" src=\"http:\/\/gabyenrose.com\/wp-content\/uploads\/2024\/11\/SEZANE-819x1024.jpg\" alt=\"\" class=\"wp-image-896\" style=\"width:521px;height:auto\" srcset=\"https:\/\/gabyenrose.com\/wp-content\/uploads\/2024\/11\/SEZANE-819x1024.jpg 819w, https:\/\/gabyenrose.com\/wp-content\/uploads\/2024\/11\/SEZANE-240x300.jpg 240w, https:\/\/gabyenrose.com\/wp-content\/uploads\/2024\/11\/SEZANE-768x960.jpg 768w, https:\/\/gabyenrose.com\/wp-content\/uploads\/2024\/11\/SEZANE.jpg 1080w\" sizes=\"auto, (max-width: 819px) 100vw, 819px\" \/><\/figure>\n<\/div>\n\n\n\n<div class=\"wp-block-column is-layout-flow wp-block-column-is-layout-flow\">\n<figure class=\"wp-block-image size-large\"><img loading=\"lazy\" decoding=\"async\" width=\"848\" height=\"1024\" src=\"http:\/\/gabyenrose.com\/wp-content\/uploads\/2024\/11\/UMBRELLA-scaled-e1732051264130-848x1024.jpg\" alt=\"\" class=\"wp-image-897\" srcset=\"https:\/\/gabyenrose.com\/wp-content\/uploads\/2024\/11\/UMBRELLA-scaled-e1732051264130-848x1024.jpg 848w, https:\/\/gabyenrose.com\/wp-content\/uploads\/2024\/11\/UMBRELLA-scaled-e1732051264130-249x300.jpg 249w, https:\/\/gabyenrose.com\/wp-content\/uploads\/2024\/11\/UMBRELLA-scaled-e1732051264130-768x927.jpg 768w, https:\/\/gabyenrose.com\/wp-content\/uploads\/2024\/11\/UMBRELLA-scaled-e1732051264130-1272x1536.jpg 1272w, https:\/\/gabyenrose.com\/wp-content\/uploads\/2024\/11\/UMBRELLA-scaled-e1732051264130-1697x2048.jpg 1697w, https:\/\/gabyenrose.com\/wp-content\/uploads\/2024\/11\/UMBRELLA-scaled-e1732051264130.jpg 1810w\" sizes=\"auto, (max-width: 848px) 100vw, 848px\" \/><\/figure>\n<\/div>\n<\/div>\n\n\n\n<figure class=\"wp-block-image aligncenter size-large\"><img loading=\"lazy\" decoding=\"async\" width=\"1024\" height=\"1024\" src=\"http:\/\/gabyenrose.com\/wp-content\/uploads\/2024\/11\/GETTING_READY-1-1024x1024.png\" alt=\"\" class=\"wp-image-1024\" srcset=\"https:\/\/gabyenrose.com\/wp-content\/uploads\/2024\/11\/GETTING_READY-1-1024x1024.png 1024w, https:\/\/gabyenrose.com\/wp-content\/uploads\/2024\/11\/GETTING_READY-1-300x300.png 300w, https:\/\/gabyenrose.com\/wp-content\/uploads\/2024\/11\/GETTING_READY-1-150x150.png 150w, https:\/\/gabyenrose.com\/wp-content\/uploads\/2024\/11\/GETTING_READY-1-768x768.png 768w, https:\/\/gabyenrose.com\/wp-content\/uploads\/2024\/11\/GETTING_READY-1-1536x1536.png 1536w, https:\/\/gabyenrose.com\/wp-content\/uploads\/2024\/11\/GETTING_READY-1.png 2048w\" sizes=\"auto, (max-width: 1024px) 100vw, 1024px\" \/><\/figure>\n\n\n\n<div class=\"wp-block-columns is-layout-flex wp-container-core-columns-is-layout-28f84493 wp-block-columns-is-layout-flex\">\n<div class=\"wp-block-column is-layout-flow wp-block-column-is-layout-flow\">\n<figure class=\"wp-block-image size-large\"><img loading=\"lazy\" decoding=\"async\" width=\"819\" height=\"1024\" src=\"http:\/\/gabyenrose.com\/wp-content\/uploads\/2024\/11\/SPRING-819x1024.jpg\" alt=\"\" class=\"wp-image-898\" srcset=\"https:\/\/gabyenrose.com\/wp-content\/uploads\/2024\/11\/SPRING-819x1024.jpg 819w, https:\/\/gabyenrose.com\/wp-content\/uploads\/2024\/11\/SPRING-240x300.jpg 240w, https:\/\/gabyenrose.com\/wp-content\/uploads\/2024\/11\/SPRING-768x960.jpg 768w, https:\/\/gabyenrose.com\/wp-content\/uploads\/2024\/11\/SPRING.jpg 1080w\" sizes=\"auto, (max-width: 819px) 100vw, 819px\" \/><\/figure>\n<\/div>\n\n\n\n<div class=\"wp-block-column is-layout-flow wp-block-column-is-layout-flow\">\n<figure class=\"wp-block-image size-large is-resized\"><img loading=\"lazy\" decoding=\"async\" width=\"724\" height=\"1024\" src=\"http:\/\/gabyenrose.com\/wp-content\/uploads\/2024\/11\/SELF_LOVE-724x1024.jpg\" alt=\"\" class=\"wp-image-899\" style=\"width:478px;height:auto\" srcset=\"https:\/\/gabyenrose.com\/wp-content\/uploads\/2024\/11\/SELF_LOVE-724x1024.jpg 724w, https:\/\/gabyenrose.com\/wp-content\/uploads\/2024\/11\/SELF_LOVE-212x300.jpg 212w, https:\/\/gabyenrose.com\/wp-content\/uploads\/2024\/11\/SELF_LOVE-768x1086.jpg 768w, https:\/\/gabyenrose.com\/wp-content\/uploads\/2024\/11\/SELF_LOVE-1086x1536.jpg 1086w, https:\/\/gabyenrose.com\/wp-content\/uploads\/2024\/11\/SELF_LOVE-1448x2048.jpg 1448w, https:\/\/gabyenrose.com\/wp-content\/uploads\/2024\/11\/SELF_LOVE-scaled.jpg 1810w\" sizes=\"auto, (max-width: 724px) 100vw, 724px\" \/><\/figure>\n<\/div>\n<\/div>\n\n\n\n<div class=\"wp-block-columns is-layout-flex wp-container-core-columns-is-layout-28f84493 wp-block-columns-is-layout-flex\">\n<div class=\"wp-block-column is-layout-flow wp-block-column-is-layout-flow\">\n<figure class=\"wp-block-image size-large\"><img loading=\"lazy\" decoding=\"async\" width=\"819\" height=\"1024\" src=\"http:\/\/gabyenrose.com\/wp-content\/uploads\/2024\/11\/PINES-819x1024.png\" alt=\"\" class=\"wp-image-900\" srcset=\"https:\/\/gabyenrose.com\/wp-content\/uploads\/2024\/11\/PINES-819x1024.png 819w, https:\/\/gabyenrose.com\/wp-content\/uploads\/2024\/11\/PINES-240x300.png 240w, https:\/\/gabyenrose.com\/wp-content\/uploads\/2024\/11\/PINES-768x960.png 768w, https:\/\/gabyenrose.com\/wp-content\/uploads\/2024\/11\/PINES.png 1080w\" sizes=\"auto, (max-width: 819px) 100vw, 819px\" \/><\/figure>\n<\/div>\n\n\n\n<div class=\"wp-block-column is-layout-flow wp-block-column-is-layout-flow\">\n<figure class=\"wp-block-image size-large\"><img loading=\"lazy\" decoding=\"async\" width=\"819\" height=\"1024\" src=\"http:\/\/gabyenrose.com\/wp-content\/uploads\/2024\/11\/MAISON_ATHLE-819x1024.jpg\" alt=\"\" class=\"wp-image-901\" srcset=\"https:\/\/gabyenrose.com\/wp-content\/uploads\/2024\/11\/MAISON_ATHLE-819x1024.jpg 819w, https:\/\/gabyenrose.com\/wp-content\/uploads\/2024\/11\/MAISON_ATHLE-240x300.jpg 240w, https:\/\/gabyenrose.com\/wp-content\/uploads\/2024\/11\/MAISON_ATHLE-768x960.jpg 768w, https:\/\/gabyenrose.com\/wp-content\/uploads\/2024\/11\/MAISON_ATHLE.jpg 1080w\" sizes=\"auto, (max-width: 819px) 100vw, 819px\" \/><\/figure>\n<\/div>\n<\/div>\n\n\n\n<figure class=\"wp-block-image aligncenter size-large is-resized\"><img loading=\"lazy\" decoding=\"async\" width=\"819\" height=\"1024\" src=\"http:\/\/gabyenrose.com\/wp-content\/uploads\/2024\/11\/MY_MUST_HAVE_AUTOME_HIVER-819x1024.jpg\" alt=\"\" class=\"wp-image-895\" style=\"width:919px;height:auto\" srcset=\"https:\/\/gabyenrose.com\/wp-content\/uploads\/2024\/11\/MY_MUST_HAVE_AUTOME_HIVER-819x1024.jpg 819w, https:\/\/gabyenrose.com\/wp-content\/uploads\/2024\/11\/MY_MUST_HAVE_AUTOME_HIVER-240x300.jpg 240w, https:\/\/gabyenrose.com\/wp-content\/uploads\/2024\/11\/MY_MUST_HAVE_AUTOME_HIVER-768x960.jpg 768w, https:\/\/gabyenrose.com\/wp-content\/uploads\/2024\/11\/MY_MUST_HAVE_AUTOME_HIVER.jpg 1080w\" sizes=\"auto, (max-width: 819px) 100vw, 819px\" \/><\/figure>\n","protected":false},"excerpt":{"rendered":"<p>Mes autres illustrations Panel de mes illustrations inspir\u00e9es de la beaut\u00e9, la mode, le bien-\u00eatre ou encore le lifestyleMix de [&hellip;]<\/p>\n","protected":false},"author":1,"featured_media":0,"parent":0,"menu_order":0,"comment_status":"closed","ping_status":"closed","template":"","meta":{"site-sidebar-layout":"default","site-content-layout":"","ast-site-content-layout":"","site-content-style":"default","site-sidebar-style":"default","ast-global-header-display":"","ast-banner-title-visibility":"","ast-main-header-display":"","ast-hfb-above-header-display":"","ast-hfb-below-header-display":"","ast-hfb-mobile-header-display":"","site-post-title":"disabled","ast-breadcrumbs-content":"","ast-featured-img":"","footer-sml-layout":"","theme-transparent-header-meta":"","adv-header-id-meta":"","stick-header-meta":"","header-above-stick-meta":"","header-main-stick-meta":"","header-below-stick-meta":"","astra-migrate-meta-layouts":"default","ast-page-background-enabled":"default","ast-page-background-meta":{"desktop":{"background-color":"var(--ast-global-color-4)","background-image":"","background-repeat":"repeat","background-position":"center center","background-size":"auto","background-attachment":"scroll","background-type":"","background-media":"","overlay-type":"","overlay-color":"","overlay-opacity":"","overlay-gradient":""},"tablet":{"background-color":"","background-image":"","background-repeat":"repeat","background-position":"center center","background-size":"auto","background-attachment":"scroll","background-type":"","background-media":"","overlay-type":"","overlay-color":"","overlay-opacity":"","overlay-gradient":""},"mobile":{"background-color":"","background-image":"","background-repeat":"repeat","background-position":"center center","background-size":"auto","background-attachment":"scroll","background-type":"","background-media":"","overlay-type":"","overlay-color":"","overlay-opacity":"","overlay-gradient":""}},"ast-content-background-meta":{"desktop":{"background-color":"var(--ast-global-color-5)","background-image":"","background-repeat":"repeat","background-position":"center center","background-size":"auto","background-attachment":"scroll","background-type":"","background-media":"","overlay-type":"","overlay-color":"","overlay-opacity":"","overlay-gradient":""},"tablet":{"background-color":"var(--ast-global-color-5)","background-image":"","background-repeat":"repeat","background-position":"center center","background-size":"auto","background-attachment":"scroll","background-type":"","background-media":"","overlay-type":"","overlay-color":"","overlay-opacity":"","overlay-gradient":""},"mobile":{"background-color":"var(--ast-global-color-5)","background-image":"","background-repeat":"repeat","background-position":"center center","background-size":"auto","background-attachment":"scroll","background-type":"","background-media":"","overlay-type":"","overlay-color":"","overlay-opacity":"","overlay-gradient":""}},"footnotes":""},"class_list":["post-892","page","type-page","status-publish","hentry"],"_links":{"self":[{"href":"https:\/\/gabyenrose.com\/index.php\/wp-json\/wp\/v2\/pages\/892","targetHints":{"allow":["GET"]}}],"collection":[{"href":"https:\/\/gabyenrose.com\/index.php\/wp-json\/wp\/v2\/pages"}],"about":[{"href":"https:\/\/gabyenrose.com\/index.php\/wp-json\/wp\/v2\/types\/page"}],"author":[{"embeddable":true,"href":"https:\/\/gabyenrose.com\/index.php\/wp-json\/wp\/v2\/users\/1"}],"replies":[{"embeddable":true,"href":"https:\/\/gabyenrose.com\/index.php\/wp-json\/wp\/v2\/comments?post=892"}],"version-history":[{"count":10,"href":"https:\/\/gabyenrose.com\/index.php\/wp-json\/wp\/v2\/pages\/892\/revisions"}],"predecessor-version":[{"id":1064,"href":"https:\/\/gabyenrose.com\/index.php\/wp-json\/wp\/v2\/pages\/892\/revisions\/1064"}],"wp:attachment":[{"href":"https:\/\/gabyenrose.com\/index.php\/wp-json\/wp\/v2\/media?parent=892"}],"curies":[{"name":"wp","href":"https:\/\/api.w.org\/{rel}","templated":true}]}}