{"id":865,"date":"2024-11-19T21:43:50","date_gmt":"2024-11-19T20:43:50","guid":{"rendered":"https:\/\/gabyenrose.com\/?page_id=865"},"modified":"2024-11-19T21:43:50","modified_gmt":"2024-11-19T20:43:50","slug":"journee-internationale-du-droit-des-femmes","status":"publish","type":"page","link":"https:\/\/gabyenrose.com\/index.php\/journee-internationale-du-droit-des-femmes\/","title":{"rendered":"Journ\u00e9e internationale du droit des femmes"},"content":{"rendered":"\n<div style=\"height:97px\" aria-hidden=\"true\" class=\"wp-block-spacer\"><\/div>\n\n\n\n<h2 class=\"wp-block-heading has-text-align-center has-ast-global-color-5-color has-text-color has-link-color has-x-large-font-size wp-elements-9dddb92a6e643e69f8ab82a9fa67d466\">Journ\u00e9e internationale du droit des femmes<\/h2>\n\n\n\n<p class=\"has-text-align-center has-ast-global-color-5-color has-text-color has-link-color wp-elements-eba64da6da108f366058180d52236c7f\">R\u00e9alisation d&rsquo;une affiche \u00e0 l&rsquo;occasion de la journ\u00e9e du 8 mars<br><em>Projet personnel &#8211; Mix de traditionnel et digital<\/em><\/p>\n\n\n\n<figure class=\"wp-block-image aligncenter size-large is-resized\"><img loading=\"lazy\" decoding=\"async\" width=\"724\" height=\"1024\" src=\"http:\/\/gabyenrose.com\/wp-content\/uploads\/2024\/11\/INTERNATIONAL_WOMEN_DAY-724x1024.jpg\" alt=\"\" class=\"wp-image-871\" style=\"width:724px;height:auto\" srcset=\"https:\/\/gabyenrose.com\/wp-content\/uploads\/2024\/11\/INTERNATIONAL_WOMEN_DAY-724x1024.jpg 724w, https:\/\/gabyenrose.com\/wp-content\/uploads\/2024\/11\/INTERNATIONAL_WOMEN_DAY-212x300.jpg 212w, https:\/\/gabyenrose.com\/wp-content\/uploads\/2024\/11\/INTERNATIONAL_WOMEN_DAY-768x1086.jpg 768w, https:\/\/gabyenrose.com\/wp-content\/uploads\/2024\/11\/INTERNATIONAL_WOMEN_DAY-1086x1536.jpg 1086w, https:\/\/gabyenrose.com\/wp-content\/uploads\/2024\/11\/INTERNATIONAL_WOMEN_DAY-1448x2048.jpg 1448w, https:\/\/gabyenrose.com\/wp-content\/uploads\/2024\/11\/INTERNATIONAL_WOMEN_DAY-scaled.jpg 1810w\" sizes=\"auto, (max-width: 724px) 100vw, 724px\" \/><\/figure>\n\n\n\n<p><\/p>\n","protected":false},"excerpt":{"rendered":"<p>Journ\u00e9e internationale du droit des femmes R\u00e9alisation d&rsquo;une affiche \u00e0 l&rsquo;occasion de la journ\u00e9e du 8 marsProjet personnel &#8211; Mix [&hellip;]<\/p>\n","protected":false},"author":1,"featured_media":0,"parent":0,"menu_order":0,"comment_status":"closed","ping_status":"closed","template":"","meta":{"site-sidebar-layout":"default","site-content-layout":"","ast-site-content-layout":"","site-content-style":"default","site-sidebar-style":"default","ast-global-header-display":"","ast-banner-title-visibility":"","ast-main-header-display":"","ast-hfb-above-header-display":"","ast-hfb-below-header-display":"","ast-hfb-mobile-header-display":"","site-post-title":"disabled","ast-breadcrumbs-content":"","ast-featured-img":"","footer-sml-layout":"","theme-transparent-header-meta":"","adv-header-id-meta":"","stick-header-meta":"","header-above-stick-meta":"","header-main-stick-meta":"","header-below-stick-meta":"","astra-migrate-meta-layouts":"default","ast-page-background-enabled":"default","ast-page-background-meta":{"desktop":{"background-color":"var(--ast-global-color-4)","background-image":"","background-repeat":"repeat","background-position":"center center","background-size":"auto","background-attachment":"scroll","background-type":"","background-media":"","overlay-type":"","overlay-color":"","overlay-opacity":"","overlay-gradient":""},"tablet":{"background-color":"","background-image":"","background-repeat":"repeat","background-position":"center center","background-size":"auto","background-attachment":"scroll","background-type":"","background-media":"","overlay-type":"","overlay-color":"","overlay-opacity":"","overlay-gradient":""},"mobile":{"background-color":"","background-image":"","background-repeat":"repeat","background-position":"center center","background-size":"auto","background-attachment":"scroll","background-type":"","background-media":"","overlay-type":"","overlay-color":"","overlay-opacity":"","overlay-gradient":""}},"ast-content-background-meta":{"desktop":{"background-color":"var(--ast-global-color-5)","background-image":"","background-repeat":"repeat","background-position":"center center","background-size":"auto","background-attachment":"scroll","background-type":"","background-media":"","overlay-type":"","overlay-color":"","overlay-opacity":"","overlay-gradient":""},"tablet":{"background-color":"var(--ast-global-color-5)","background-image":"","background-repeat":"repeat","background-position":"center center","background-size":"auto","background-attachment":"scroll","background-type":"","background-media":"","overlay-type":"","overlay-color":"","overlay-opacity":"","overlay-gradient":""},"mobile":{"background-color":"var(--ast-global-color-5)","background-image":"","background-repeat":"repeat","background-position":"center center","background-size":"auto","background-attachment":"scroll","background-type":"","background-media":"","overlay-type":"","overlay-color":"","overlay-opacity":"","overlay-gradient":""}},"footnotes":""},"class_list":["post-865","page","type-page","status-publish","hentry"],"_links":{"self":[{"href":"https:\/\/gabyenrose.com\/index.php\/wp-json\/wp\/v2\/pages\/865","targetHints":{"allow":["GET"]}}],"collection":[{"href":"https:\/\/gabyenrose.com\/index.php\/wp-json\/wp\/v2\/pages"}],"about":[{"href":"https:\/\/gabyenrose.com\/index.php\/wp-json\/wp\/v2\/types\/page"}],"author":[{"embeddable":true,"href":"https:\/\/gabyenrose.com\/index.php\/wp-json\/wp\/v2\/users\/1"}],"replies":[{"embeddable":true,"href":"https:\/\/gabyenrose.com\/index.php\/wp-json\/wp\/v2\/comments?post=865"}],"version-history":[{"count":4,"href":"https:\/\/gabyenrose.com\/index.php\/wp-json\/wp\/v2\/pages\/865\/revisions"}],"predecessor-version":[{"id":873,"href":"https:\/\/gabyenrose.com\/index.php\/wp-json\/wp\/v2\/pages\/865\/revisions\/873"}],"wp:attachment":[{"href":"https:\/\/gabyenrose.com\/index.php\/wp-json\/wp\/v2\/media?parent=865"}],"curies":[{"name":"wp","href":"https:\/\/api.w.org\/{rel}","templated":true}]}}